{"id":1153,"date":"2024-09-21T14:54:32","date_gmt":"2024-09-21T12:54:32","guid":{"rendered":"https:\/\/bebomatic.be\/?page_id=1153"},"modified":"2024-09-21T15:33:03","modified_gmt":"2024-09-21T13:33:03","slug":"front_page","status":"publish","type":"page","link":"https:\/\/bebomatic.be\/?page_id=1153","title":{"rendered":"Bienvenue sur Bebomatic.be"},"content":{"rendered":"<span class=\"span-reading-time rt-reading-time\" style=\"display: block;\"><span class=\"rt-label rt-prefix\">Temps de lecture\u00a0: <\/span> <span class=\"rt-time\"> &lt;\u00a01<\/span> <span class=\"rt-label rt-postfix\">minute<\/span><\/span>\n<pre class=\"wp-block-preformatted has-large-font-size\"><strong>Ce site vous propose des astuces et des informations pour mieux ma\u00eetriser le mat\u00e9riel technologique qui nous entoure, Le site restera le plus l\u00e9ger possible afin de pouvoir \u00eatre lu par le plus de monde possible<br><br>Vous pouvez trouver les cat\u00e9gories au dessus de la page ou les derniers articles en dessous de cette page<br><br>Je vous souhaite une agr\u00e9able visite<\/strong><\/pre>\n","protected":false},"excerpt":{"rendered":"<p><span class=\"span-reading-time rt-reading-time\" style=\"display: block;\"><span class=\"rt-label rt-prefix\">Temps de lecture\u00a0: <\/span> <span class=\"rt-time\"> &lt;\u00a01<\/span> <span class=\"rt-label rt-postfix\">minute<\/span><\/span>Ce site vous propose des astuces et des informations pour mieux ma\u00eetriser le mat\u00e9riel technologique qui nous entoure, Le site restera le plus l\u00e9ger possible afin de pouvoir \u00eatre lu par le plus de monde possibleVous pouvez trouver les cat\u00e9gories au dessus de la page ou les derniers articles en dessous de cette pageJe vous &hellip; <\/p>\n<p class=\"link-more\"><a href=\"https:\/\/bebomatic.be\/?page_id=1153\" class=\"more-link\">Continuer la lecture <span class=\"screen-reader-text\"> \u00ab\u00a0Bienvenue sur Bebomatic.be\u00a0\u00bb<\/span><\/a><\/p>\n","protected":false},"author":1,"featured_media":0,"parent":0,"menu_order":0,"comment_status":"closed","ping_status":"closed","template":"","meta":{"footnotes":""},"class_list":["post-1153","page","type-page","status-publish","hentry","entry"],"_links":{"self":[{"href":"https:\/\/bebomatic.be\/index.php?rest_route=\/wp\/v2\/pages\/1153","targetHints":{"allow":["GET"]}}],"collection":[{"href":"https:\/\/bebomatic.be\/index.php?rest_route=\/wp\/v2\/pages"}],"about":[{"href":"https:\/\/bebomatic.be\/index.php?rest_route=\/wp\/v2\/types\/page"}],"author":[{"embeddable":true,"href":"https:\/\/bebomatic.be\/index.php?rest_route=\/wp\/v2\/users\/1"}],"replies":[{"embeddable":true,"href":"https:\/\/bebomatic.be\/index.php?rest_route=%2Fwp%2Fv2%2Fcomments&post=1153"}],"version-history":[{"count":5,"href":"https:\/\/bebomatic.be\/index.php?rest_route=\/wp\/v2\/pages\/1153\/revisions"}],"predecessor-version":[{"id":1209,"href":"https:\/\/bebomatic.be\/index.php?rest_route=\/wp\/v2\/pages\/1153\/revisions\/1209"}],"wp:attachment":[{"href":"https:\/\/bebomatic.be\/index.php?rest_route=%2Fwp%2Fv2%2Fmedia&parent=1153"}],"curies":[{"name":"wp","href":"https:\/\/api.w.org\/{rel}","templated":true}]}}