{"id":969,"date":"2023-03-17T14:02:10","date_gmt":"2023-03-17T13:02:10","guid":{"rendered":"https:\/\/bebomatic.be\/?page_id=969"},"modified":"2023-03-17T14:37:32","modified_gmt":"2023-03-17T13:37:32","slug":"configurer-les-dns-securises-sur-le-modem-routeur-fritzbox-conseille-par-edpnet-et-ainsi-proteger-tout-les-membres-du-reseau-wifi","status":"publish","type":"page","link":"https:\/\/bebomatic.be\/?page_id=969","title":{"rendered":"Configurer les Dns s\u00e9curis\u00e9s sur le Modem \/ Routeur FritzBox conseill\u00e9 par EDPNET et ainsi prot\u00e9ger tout les membres du r\u00e9seau Wifi"},"content":{"rendered":"<span class=\"span-reading-time rt-reading-time\" style=\"display: block;\"><span class=\"rt-label rt-prefix\">Temps de lecture\u00a0: <\/span> <span class=\"rt-time\"> 2<\/span> <span class=\"rt-label rt-postfix\">minutes<\/span><\/span>\n<p>Voici un tutoriel \u00e9tape par \u00e9tape pour configurer AdGuard DNS sur un routeur FRITZ!Box. Avant de commencer, veuillez noter que les interfaces et les \u00e9tapes peuvent l\u00e9g\u00e8rement varier en fonction du mod\u00e8le sp\u00e9cifique de votre routeur. Vous devrez \u00e9galement avoir les identifiants d&rsquo;administration de votre routeur pour acc\u00e9der \u00e0 l&rsquo;interface de configuration.<\/p>\n\n\n\n<p>\u00c9tape 1 : Connectez-vous \u00e0 l&rsquo;interface d&rsquo;administration de votre routeur<\/p>\n\n\n\n<ol class=\"wp-block-list\">\n<li>Assurez-vous que votre appareil est connect\u00e9 au r\u00e9seau Wi-Fi de votre routeur FRITZ!Box.<\/li>\n\n\n\n<li>Ouvrez votre navigateur Web et tapez l&rsquo;adresse IP de votre routeur dans la barre d&rsquo;adresse. L&rsquo;adresse IP par d\u00e9faut des routeurs FRITZ!Box est g\u00e9n\u00e9ralement \u00ab\u00a0192.168.178.1\u00a0\u00bb ou \u00ab\u00a0fritz.box\u00a0\u00bb. Appuyez sur \u00ab\u00a0Entr\u00e9e\u00a0\u00bb.<\/li>\n\n\n\n<li>Entrez votre mot de passe d&rsquo;administration ( souvent coll\u00e9 sur le modem ) pour vous connecter \u00e0 l&rsquo;interface de configuration de votre routeur.<\/li>\n<\/ol>\n\n\n\n<p>\u00c9tape 2 : Acc\u00e9dez aux param\u00e8tres DNS de votre routeur<\/p>\n\n\n\n<ol class=\"wp-block-list\">\n<li>Une fois connect\u00e9 \u00e0 l&rsquo;interface d&rsquo;administration, cliquez sur l&rsquo;onglet \u00ab\u00a0Internet\u00a0\u00bb dans le menu principal en haut de la page.<\/li>\n\n\n\n<li>Dans le menu de gauche, cliquez sur \u00ab\u00a0Acc\u00e8s aux p\u00e9riph\u00e9riques\u00a0\u00bb ou \u00ab\u00a0Zugangsdaten\u00a0\u00bb (selon la langue de votre interface).<\/li>\n\n\n\n<li>Cliquez ensuite sur l&rsquo;onglet \u00ab\u00a0DNS Server\u00a0\u00bb (Serveur DNS).<\/li>\n<\/ol>\n\n\n\n<p>\u00c9tape 3 : Modifiez les param\u00e8tres DNS de votre routeur<\/p>\n\n\n\n<ol class=\"wp-block-list\">\n<li>Cochez la case \u00ab\u00a0Utiliser d&rsquo;autres serveurs DNS\u00a0\u00bb (ou \u00ab\u00a0Andere DNSv4-Server verwenden\u00a0\u00bb en allemand) pour d\u00e9verrouiller les champs des serveurs DNS.<\/li>\n\n\n\n<li>Entrez les adresses des serveurs DNS s\u00e9curis\u00e9s d&rsquo;AdGuard dans les champs correspondants :\n<ul class=\"wp-block-list\">\n<li>Pour AdGuard DNS (non filtr\u00e9) :\n<ul class=\"wp-block-list\">\n<li>Serveur DNS pr\u00e9f\u00e9r\u00e9 : 94.140.14.14<\/li>\n\n\n\n<li>Serveur DNS auxiliaire : 94.140.15.15<\/li>\n<\/ul>\n<\/li>\n\n\n\n<li>Pour AdGuard DNS (filtr\u00e9) :\n<ul class=\"wp-block-list\">\n<li>Serveur DNS pr\u00e9f\u00e9r\u00e9 : 94.140.14.15<\/li>\n\n\n\n<li>Serveur DNS auxiliaire : 94.140.15.16<\/li>\n<\/ul>\n<\/li>\n\n\n\n<li>Pour AdGuard DNS Family Protection :\n<ul class=\"wp-block-list\">\n<li>Serveur DNS pr\u00e9f\u00e9r\u00e9 : 94.140.14.140<\/li>\n\n\n\n<li>Serveur DNS auxiliaire : 94.140.15.141<\/li>\n<\/ul>\n<\/li>\n<\/ul>\n<\/li>\n\n\n\n<li>Cliquez sur \u00ab\u00a0Appliquer\u00a0\u00bb ou \u00ab\u00a0\u00dcbernehmen\u00a0\u00bb pour enregistrer les modifications.<\/li>\n<\/ol>\n\n\n\n<p>\u00c9tape 4 : Red\u00e9marrez votre routeur (facultatif)<\/p>\n\n\n\n<p>Dans certains cas, il peut \u00eatre n\u00e9cessaire de red\u00e9marrer votre routeur pour que les modifications prennent effet. Pour ce faire, d\u00e9branchez votre routeur de la prise \u00e9lectrique, attendez quelques secondes, puis rebranchez-le.<\/p>\n\n\n\n<p>F\u00e9licitations ! Vous avez configur\u00e9 avec succ\u00e8s AdGuard DNS sur votre routeur FRITZ!Box. Tous les appareils connect\u00e9s \u00e0 votre r\u00e9seau Wi-Fi b\u00e9n\u00e9ficieront d\u00e9sormais d&rsquo;une navigation plus s\u00e9curis\u00e9e et prot\u00e9g\u00e9e contre les menaces en ligne.<br>Article r\u00e9dig\u00e9 par ChatGPT &#8211; 4<br>Images \u00e0 venir<\/p>\n","protected":false},"excerpt":{"rendered":"<p><span class=\"span-reading-time rt-reading-time\" style=\"display: block;\"><span class=\"rt-label rt-prefix\">Temps de lecture\u00a0: <\/span> <span class=\"rt-time\"> 2<\/span> <span class=\"rt-label rt-postfix\">minutes<\/span><\/span>Voici un tutoriel \u00e9tape par \u00e9tape pour configurer AdGuard DNS sur un routeur FRITZ!Box. Avant de commencer, veuillez noter que les interfaces et les \u00e9tapes peuvent l\u00e9g\u00e8rement varier en fonction du mod\u00e8le sp\u00e9cifique de votre routeur. Vous devrez \u00e9galement avoir les identifiants d&rsquo;administration de votre routeur pour acc\u00e9der \u00e0 l&rsquo;interface de configuration. \u00c9tape 1 : &hellip; <\/p>\n<p class=\"link-more\"><a href=\"https:\/\/bebomatic.be\/?page_id=969\" class=\"more-link\">Continuer la lecture <span class=\"screen-reader-text\"> \u00ab\u00a0Configurer les Dns s\u00e9curis\u00e9s sur le Modem \/ Routeur FritzBox conseill\u00e9 par EDPNET et ainsi prot\u00e9ger tout les membres du r\u00e9seau Wifi\u00a0\u00bb<\/span><\/a><\/p>\n","protected":false},"author":1,"featured_media":0,"parent":0,"menu_order":0,"comment_status":"closed","ping_status":"closed","template":"","meta":{"footnotes":""},"class_list":["post-969","page","type-page","status-publish","hentry","entry"],"_links":{"self":[{"href":"https:\/\/bebomatic.be\/index.php?rest_route=\/wp\/v2\/pages\/969","targetHints":{"allow":["GET"]}}],"collection":[{"href":"https:\/\/bebomatic.be\/index.php?rest_route=\/wp\/v2\/pages"}],"about":[{"href":"https:\/\/bebomatic.be\/index.php?rest_route=\/wp\/v2\/types\/page"}],"author":[{"embeddable":true,"href":"https:\/\/bebomatic.be\/index.php?rest_route=\/wp\/v2\/users\/1"}],"replies":[{"embeddable":true,"href":"https:\/\/bebomatic.be\/index.php?rest_route=%2Fwp%2Fv2%2Fcomments&post=969"}],"version-history":[{"count":2,"href":"https:\/\/bebomatic.be\/index.php?rest_route=\/wp\/v2\/pages\/969\/revisions"}],"predecessor-version":[{"id":973,"href":"https:\/\/bebomatic.be\/index.php?rest_route=\/wp\/v2\/pages\/969\/revisions\/973"}],"wp:attachment":[{"href":"https:\/\/bebomatic.be\/index.php?rest_route=%2Fwp%2Fv2%2Fmedia&parent=969"}],"curies":[{"name":"wp","href":"https:\/\/api.w.org\/{rel}","templated":true}]}}